(q).
5
Let c be ((-1)/(-2)*-10)/(830/996). Let z = 5 + 0. Let j(r) = -6*r**2 - 6*r + 4. Let l(g) = 5*g**2 + 6*g - 3. Let u(n) = z*l(n) + 4*j(n). Determine u(c).
1
Suppose 3*w + 69 = -4*g, 36*g - 31*g + 72 = w. Let i(t) = -t**2 - 11*t + 27. What is i(g)?
-33
Let a(z) = 10*z**3 - z**2 - z. Suppose 15 - 13 = o. Let p be (-2)/(-5) + o + 14/(-10). Suppose -21*b - p = -20*b. What is a(b)?
-10
Let d(l) = -3*l - 4 - l**2 + 7 + 0 - 5. Let u(q) = q**3 - 3*q**2 + 2. Let g be u(3). Suppose g*b + 0*b + n + 7 = 0, -b + 2*n = 16. Calculate d(b).
-20
Let t(i) = 1404*i**2 + 135*i + 1410*i**2 + 1404*i**2 + 1401*i**2 - 145 - 5616*i**2. Give t(-46).
-7
Let n be (-3)/(-1) - (80/5)/(-4). Let j(o) = -o**2 + 4*o + 4. Let x be j(3). Let q(g) = g + n - x*g + 7*g. Determine q(-8).
-1
Let b(z) = -156*z + 45*z + 52*z - 29 + 46*z. What is b(-3)?
10
Suppose -290 = -5*g + 5*i, -4*i = -g + 35 + 38. Let o(h) = -g*h + 24*h + 4 + 27*h. Suppose -29*y = -34*y + 30. Determine o(y).
-8
Let o(t) be the first derivative of -t**3/6 + 5*t**2/2 + 100*t + 109. Let x(b) be the first derivative of o(b). What is x(-6)?
11
Let b(q) be the third derivative of -q**5/60 - 5*q**4/24 - 2*q**3/3 + 5*q**2 + 12*q + 2. Give b(-1).
0
Let q(y) = -10*y + 5. Let x(i) = 23*i + 25. Let b be x(11). Let j = b - 274. What is q(j)?
-35
Suppose j + 59 = -4*m - m, 4*j = 4*m + 28. Suppose -2*w - 3 = 3*z, 0 = -z + 4*w - 0*w - 15. Let r be (m + 11)/(0 - z). Let v(d) = d + 6. Determine v(r).
6
Let k(r) = 5*r**3 - r**2 - 18*r + 10. Let d(b) = 6*b**3 + b**2 - 19*b + 11. Let i(z) = 6*d(z) - 7*k(z). Calculate i(-12).
-4
Let c(j) = -j**2 - 7*j - 4. Suppose -5*w + 25 - 3 = h, -3*w + 22 = 5*h. Suppose 63 = -h*k - 7*k. Let s be c(k). Let y(n) = -n**2 - 4*n + 1. Calculate y(s).
1
Let v(c) = -c + 1. Suppose 63*y - 20 = 59*y. Suppose y*s = -s. What is v(s)?
1
Let j be ((1 - 0)*0)/2. Let x(r) = r**3 + r**2 - 4*r. Let p be x(3). Let v(z) = -17 - p - z**3 + 51 + 4*z - 5*z. Give v(j).
10
Suppose -8*i + 18 - 2 = 0. Suppose 0 = i*n + 4*n. Let b(l) be the first derivative of l**3/3 + l**2/2 - 6*l - 2. Determine b(n).
-6
Let x(q) = -q**3 - 11*q**2 - 1. Let d(z) be the first derivative of -z**4/4 - 10*z**3/3 - 2*z + 96. Let m(p) = 5*d(p) - 4*x(p). Calculate m(-6).
-6
Suppose 0 = 12*r - 397 + 13. Suppose 33*k = r*k + 6. Let q(m) = -4*m + 0 + 8 - 4*m - 5*m**2 + m**3. What is q(k)?
-4
Let p(u) = 123*u + 2210. Let c be p(-18). Let z(t) = t - 1. Let x(o) = -7*o - 9. Let l(f) = -x(f) - 5*z(f). Determine l(c).
6
Let w(t) = 2*t**2 - t - 2. Let n be w(2). Let p(z) be the first derivative of -z**2/2 - 79. Give p(n).
-4
Let n be (4/5)/((-51)/(-255)). Let i(p) = p - 18 - n + 13. Determine i(9).
0
Suppose 2758*m = 2759*m + 5. Let a(u) = u**3 + 4*u**2 - 2*u + 10. Determine a(m).
-5
Let p be (-4)/(5 - 13) - 930/(-12). Suppose -p = -29*u + 9. Let k(c) be the third derivative of c**6/120 - c**5/30 - c**4/8 - c**3/6 + c**2. Calculate k(u).
-1
Let c(s) = -20*s + 8. Suppose -31*t = -5*t - 52. Let r(i) = -5*i + 2. Let d(v) = t*c(v) - 9*r(v). Give d(-2).
-12
Let c be -24*(272/36)/34*21/(-8). Let x(b) = -5*b**3 - 14*b**2 + 5*b + 9. Let h(v) = -v**3 + v + 1. Let s(q) = -6*h(q) + x(q). Calculate s(c).
-11
Suppose w = -24 - 5. Let b = w - -36. Suppose -b*q - 16 = -3*q. Let t(u) = 2*u**2 + 5*u + 6. What is t(q)?
18
Let z(h) = -106*h**3 - 19*h - 105*h**3 + 306*h**3 - 47 - 94*h**3 + 14*h**2. Determine z(-15).
13
Let g(u) be the second derivative of u**5/20 + 2*u**4/3 - 5*u**3/3 - u**2/2 - 31920*u. Let z = -25 - -16. Give g(z).
8
Let t(y) = -y**3 - 4*y**2 - 6*y - 6. Let q be (-7 + 2/(-2))*(33/3)/22. What is t(q)?
18
Let u = -439 + -12. Let s = u - -454. Let x(z) = 12*z - 7. Calculate x(s).
29
Let a(m) = 15*m + 12. Let i be a(-9). Let p = i - -126. Let s(k) = k**3 - 2*k**2 - 4*k - 1. Determine s(p).
-4
Let r(a) = -15*a - 2. Suppose -2*k = -5*y, 50 = 4*y + 4*k + 22. Suppose -3*m = y*c - 7, 7*m + c - 11 = 3*m. What is r(m)?
-47
Let l(g) = g**3 - 18*g**2 - 20*g + 15. Suppose -11*i + 1064 = -4*i. Suppose 0 = 16*x - 8*x - i. What is l(x)?
-4
Let u(p) = -3*p - 21. Let i(v) = 3*v**2 - 7*v + 1. Let d be i(1). Let n(z) = 6*z + 40. Let f(c) = d*n(c) - 5*u(c). Give f(-10).
15
Let r(y) = 3*y - 1. Let p(f) = 2*f - 2. Let o(a) = -3*p(a) + 4*r(a). Suppose m + 2*h + 9 = 0, 2*m = 2*h + 33 - 27. Calculate o(m).
-4
Suppose 11*x - 45 = -4*x. Let c(q) = 2*q + 9 - 3*q - 2*q - x*q. What is c(6)?
-27
Let w(t) be the third derivative of 7*t**4/24 + 64*t**2. Suppose 0 = 3*a + 2*a - 10. Suppose 20*v - a = 19*v. Calculate w(v).
14
Let q be (-17 + 2 + 16)/(4/5 + -1). Let x(b) = b**3 + 4*b**2 + 5*b + 11. What is x(q)?
-39
Let r be (8 - (0 + -60)/(-5)) + -1 + 2. Let a(d) = -2*d**2 + 5*d + 3. Determine a(r).
-30
Let i(h) = -89*h - 29. Let m(g) = -72*g - 29. Let s(r) = 2*i(r) - 3*m(r). Give s(-1).
-9
Let z(q) be the first derivative of -64 + 1/3*q**3 - 1/2*q**2 + 5*q. Give z(5).
25
Let m(p) be the third derivative of -22*p**2 + 0*p + 1/24*p**4 - 1 - 3*p**3. Calculate m(10).
-8
Let f(w) = -w - 8. Suppose 0 = 3*i + 4*x + 32, -x + 114 = -5*i + 99. Give f(i).
-4
Let b = 5 - 1. Suppose 3*i - 2 = 2*g - 0*g, -3*g = -b*i + 2. Let o(f) = 8*f + 7 + 6*f**2 - 7*f**g - 2*f. Calculate o(6).
7
Let n(v) be the third derivative of -43*v**5/60 + v**3/6 + 851*v**2. Give n(-1).
-42
Let s(m) be the first derivative of m + 15/2*m**2 + 81. Give s(1).
16
Let l(a) = 3*a**3 - 4*a**2 + 16*a + 47. Let n(d) = -8*d**3 + 12*d**2 - 46*d - 138. Let z(s) = 11*l(s) + 4*n(s). Give z(-3).
-2
Let s(w) = -7*w - 20. Let g = -1718 - -1706. Determine s(g).
64
Let l(d) be the first derivative of -d**3/3 - 9*d**2 + 13*d - 186. Give l(-18).
13
Suppose -35 + 235 = -10*l. Let o = 23 + l. Let g(z) = -6*z - 9. Let x(h) = 3*h + 5. Let u(y) = o*g(y) + 5*x(y). Give u(-4).
10
Let w(b) = 5*b**3 - 85*b**2 + 61*b - 303. Let p(d) = -d**3 + 17*d**2 - 12*d + 62. Let z(g) = 29*p(g) + 6*w(g). Determine z(16).
12
Let a(y) = -710*y + 715*y + 74 - 31. Calculate a(-8).
3
Let x = -53 - -62. Let k be (x/15)/(1/5). Let l be (-8)/k*18/(-12). Let q(m) = -m**3 + 5*m**2 - 3*m + 4. What is q(l)?
8
Let l(y) = 2*y**2 + 25*y + 45. Let t(h) = -h**2 - 12*h - 23. Suppose 3*f = -5*u - 27 - 5, -24 = f + 5*u. Let b(v) = f*l(v) - 7*t(v). Calculate b(-15).
-4
Suppose -12*a - 144 + 72 = 0. Let k(c) = -4*c**2 + 3*c**2 + 51 - 47 - c + 0*c**2 - c. What is k(a)?
-20
Let q(b) = 18. Let v(m) = -m + 2. Let p(j) = -q(j) - 2*v(j). Determine p(9).
-4
Let h be (13 - 17)*(0 - 910/(-8)). Let f be 4/(-10) + 13/(h/(-189)). Let d(r) = r**3 - 6*r**2 + 7*r - 6. Calculate d(f).
4
Let y(i) be the first derivative of 0*i - 46 - 3*i**3 + 1/2*i**2. Determine y(-1).
-10
Let x = 51 + -45. Suppose -5*q = x - 16. Let c(o) = -3 + q + 4*o + 4 - 2*o. Calculate c(-4).
-5
Let h(b) = -7*b + 4. Suppose -5*k + 45 = -5*w, -k - w + 9 = -8. Suppose -110 + 71 = k*m. Calculate h(m).
25
Let y(f) = -f**3 + 30*f**2 - 104*f - 4. Let o be y(26). Let b(d) be the second derivative of d**4/12 + d**3/2 - 2*d. Calculate b(o).
4
Let k(u) = 5*u**3 - 3*u**2 - 4*u - 3. Suppose -2*r + 11 = -r. Let p be (r + -13)/((2 - 0) + -1). Calculate k(p).
-47
Suppose 0*g = 15*g - 47 + 62. Let f(h) = 22*h + 25. What is f(g)?
3
Suppose -224 = 17*m - 45*m. Suppose 0 = -2*r - 2*a - m, -r - 5*a + 30 = -6*r. Let f(b) = -3*b - 16. Calculate f(r).
-1
Suppose -7 = -f - m, 4*f - 4 - 52 = 3*m. Let u(y) = -y**3 + 12*y**2 - 8*y - 49. Give u(f).
-16
Suppose 2*w + 19 = 5*z, 13 = 3*z - 2*w - 0. Let r(k) = -k**2 + 16*k - 23. Let g be r(14). Let i(c) = -2 + 4*c + 7*c - 5*c - g*c + c**2. Calculate i(z).
10
Let o(m) = 19*m - 4. Let z be 13/(4 - 6/2). Let k(w) = 323 + 3*w + 5*w - 160 + w - 165. Let r(p) = z*k(p) - 6*o(p). Determine r(-3).
-11
Let l(i) = i**2 - 24*i - 254. Let z(d) = 3*d**2 + 23*d - 108. Let q be z(4). What is l(q)?
2
Suppose 361*s = 344*s - 34. Let w(q) = q**2 - 18*q - 33. Give w(s).
7
Suppose -141 = 84*t + 1669 - 214. Let n(c) = -c**2 - 18*c - 2. What is n(t)?
-21
Let o(a) = a**3 + 6*a**2 + 8*a + 12. Suppose 71 + 94 = 3*l. Suppose 0 = 19*d + 40 + l. Determine o(d).
-3
Let z(c) = -2*c + 5. Let n = -4785 + 4777. What is z(n)?
21
Let m = -44197 - -44197. Let o(i) be the third derivative of i**4/24 - 13*i**3/6 + i**2. What is o(m)?
-13
Let d(x) = x**2 + 13*x - 3. Let s(c) = -c**2 + 73*c + 546. Let v be s(80). Calculate d(v).
11
Let i(f) = -f**2 + 5*f